 prime factors of 328272493?
1051, 312343
What are the prime factors of 180040829?
17, 61, 173617
List the prime factors of 1275524288.
2, 53, 376039
What are the prime factors of 4123274186?
2, 47, 43864619
List the prime factors of 1148481220.
2, 5, 19, 223, 13553
What are the prime factors of 51610685?
5, 7, 1474591
What are the prime factors of 2873995932?
2, 3, 29, 433, 19073
What are the prime factors of 1910023074?
2, 3, 106112393
List the prime factors of 2740159481.
743, 3687967
What are the prime factors of 471740154?
2, 3, 78623359
What are the prime factors of 2503908827?
7, 41, 8724421
What are the prime factors of 741434781?
3, 31, 7972417
List the prime factors of 683502020.
2, 5, 59, 579239
What are the prime factors of 1164770053?
19, 61303687
What are the prime factors of 176866070?
2, 5, 29, 59, 10337
What are the prime factors of 631442035?
5, 7, 1553, 11617
What are the prime factors of 133042114?
2, 157, 641, 661
What are the prime factors of 559220494?
2, 7, 39944321
List the prime factors of 602662817.
602662817
List the prime factors of 54355150.
2, 5, 227, 4789
List the prime factors of 436946399.
1409, 310111
What are the prime factors of 49225673?
7, 29, 242491
List the prime factors of 62149265.
5, 31, 400963
List the prime factors of 98689725.
3, 5, 293, 499
What are the prime factors of 3648400656?
2, 3, 401, 189547
List the prime factors of 61258857.
3, 11, 191, 9719
What are the prime factors of 519195108?
2, 3, 43266259
What are the prime factors of 40052337?
3, 13, 239, 4297
List the prime factors of 5128888755.
3, 5, 37, 953, 9697
What are the prime factors of 4180837683?
3, 11, 126692051
List the prime factors of 220664377.
220664377
What are the prime factors of 77266467?
3, 317969
What are the prime factors of 1434795423?
3, 478265141
List the prime factors of 140562608.
2, 19, 462377
What are the prime factors of 648854039?
648854039
List the prime factors of 274799472.
2, 3, 5724989
List the prime factors of 303568777.
43, 7059739
List the prime factors of 5307603393.
3, 19, 3083, 30203
List the prime factors of 2430500620.
2, 5, 23, 83, 63659
List the prime factors of 444453127.
23, 73, 97, 2729
List the prime factors of 182530282.
2, 11, 8296831
List the prime factors of 298734429.
3, 7, 2032207
List the prime factors of 289685696.
2, 4526339
What are the prime factors of 36039733?
5279, 6827
What are the prime factors of 116657356?
2, 3313, 8803
List the prime factors of 307188699.
3, 102396233
List the prime factors of 60393603.
3, 863, 23327
List the prime factors of 37995017.
17, 29, 77069
What are the prime factors of 1906698234?
2, 3, 7, 45397577
List the prime factors of 6976664.
2, 17, 43, 1193
What are the prime factors of 3566403?
3, 23, 5743
List the prime factors of 476760608.
2, 43, 421, 823
What are the prime factors of 1544495244?
2, 3, 661, 194717
List the prime factors of 655666500.
2, 3, 5, 437111
What are the prime factors of 174664501?
11, 389, 40819
What are the prime factors of 10525304?
2, 151, 8713
List the prime factors of 56514002.
2, 2621, 10781
What are the prime factors of 395715225?
3, 5, 53, 99551
List the prime factors of 2216784909.
3, 738928303
What are the prime factors of 1832189064?
2, 3, 43, 167, 10631
List the prime factors of 2250297241.
2250297241
List the prime factors of 69023762.
2, 34511881
What are the prime factors of 2372166344?
2, 227, 1306259
List the prime factors of 72278039.
41, 1097, 1607
What are the prime factors of 2511238780?
2, 5, 1709, 73471
List the prime factors of 1399586251.
7, 17, 691837
What are the prime factors of 2400785541?
3, 7, 11, 83, 13913
What are the prime factors of 5632502790?
2, 3, 5, 2621, 71633
What are the prime factors of 41575809?
3, 11, 1259873
List the prime factors of 254489158.
2, 7, 11, 23, 71849
What are the prime factors of 127640601?
3, 11, 117209
What are the prime factors of 4494382289?
59, 71, 1072901
What are the prime factors of 588736814?
2, 6151, 47857
List the prime factors of 74669220.
2, 3, 5, 59, 79, 89
List the prime factors of 183282822.
2, 3, 937, 10867
List the prime factors of 6218099607.
3, 271, 1753, 4363
What are the prime factors of 297390564?
2, 3, 31, 266479
List the prime factors of 12644761.
12644761
List the prime factors of 2183497418.
2, 113, 613, 15761
List the prime factors of 68507223.
3, 1733, 13177
What are the prime factors of 199574858?
2, 7, 109, 130783
List the prime factors of 25688497.
157, 163621
List the prime factors of 4693879444.
2, 1173469861
What are the prime factors of 1825092643?
11, 165917513
List the prime factors of 119640321.
3, 19, 25913
What are the prime factors of 79465429?
17, 19, 347, 709
List the prime factors of 3143040730.
2, 5, 41, 7665953
List the prime factors of 559971243.
3, 13, 4786079
List the prime factors of 473253002.
2, 2621, 90281
What are the prime factors of 391305075?
3, 5, 7, 745343
List the prime factors of 64514596.
2, 31, 520279
List the prime factors of 89255968.
2, 29, 96181
List the prime factors of 304797365.
5, 577, 105649
What are the prime factors of 3841116?
2, 3, 17, 19, 991
List the prime factors of 309375558.
2, 3, 1321, 4337
What are the prime factors of 383246345?
5, 76649269
List the prime factors of 1058433483.
3, 2687, 131303
What are the prime factors of 23766253?
7, 463, 7333
What are the prime factors of 20228972?
2, 5057243
What are the prime factors of 325637894?
2, 162818947
What are the prime factors of 6325679?
83, 76213
What are the prime factors of 100711061?
11, 61, 150091
List the prime factors of 50628116.
2, 7, 11, 164377
List the prime factors of 30747558.
2, 3, 5124593
List the prime factors of 206393325.
3, 5, 173, 15907
What are the prime factors of 89102548?
2, 22275637
List the prime factors of 35963412.
2, 3, 1307, 2293
What are the prime factors of 579582756?
2, 3, 47, 227, 503
List the prime factors of 135618282.
2, 3, 17, 163, 2719
List the prime factors of 58821506.
2, 43, 191, 3581
What are the prime factors of 682349071?
19, 829, 43321
What are the prime factors of 30244483?
30244483
What are the prime factors of 121067506?
2, 7, 17, 19, 41, 653
What are the prime factors of 259264929?
3, 7, 11, 223, 719
What are the prime factors of 2529756083?
19, 133145057
What are the prime factors of 39538782?
2, 3, 2196599
What are the prime factors of 70942940?
2, 5, 193, 18379
List the prime factors of 5153030360.
2, 5, 128825759
List the prime factors of 81789856.
2, 17, 251, 599
What are the prime factors of 58087311?
3, 53, 61, 113
List the prime factors of 1328030294.
2, 103, 2371, 2719
What are the prime factors of 829935749?
23, 36084163
What are the prime factors of 2403948969?
3, 89035147
List the prime factors of 3614537282.
2, 281, 6431561
List the prime factors of 550918348.
2, 593, 232259
List the prime factors of 173984842.
2, 73, 571, 2087
What are the prime factors of 155844958?
2, 77922479
List the prime factors of 750323592.
2, 3, 37, 281653
What are the prime factors of 1426816740?
2, 3, 5, 23780279
What are the prime factors of 2005444819?
7, 23, 491, 1103
List the prime factors of 131558198.
2, 89, 179, 4129
What are the prime factors of 13492577?
7, 17, 113383
List the prime factors of 60090085.
5, 11, 523, 2089
List the prime factors of 38630886.
2, 3, 7, 37, 24859
What are the prime factors of 19864863?
3, 137, 16111
List the prime factors of 497018575.
5, 2591, 7673
What are the prime factors of 9050059919?
9050059919
What are the prime factors of 120170341?
120170341
List the prime factors of 1336473387.
3, 53, 83, 33757
What are the prime factors of 174806796?
2, 3, 37, 393709
What are the prime factors of 29118074?
2, 1231, 11827
List the prime factors of 13252704.
2, 3, 127, 1087
What are the prime factors of 118446750?
2, 3, 5, 61, 863
What are the prime factors of 1076547611?
1076547611
What are the prime factors of 4105728352?
2, 11, 157, 74293
What are the prime factors of 33673131?
3, 457, 2729
What are the prime factors of 472444678?
2, 223, 1059293
List the prime factors of 72982266.
2, 3, 7, 23, 43, 251
What are the prime factors of 1727820299?
53, 137, 237959
What are the prime factors of 346567609?
157, 2207437
List the prime factors of 29430931.
3167, 9293